{"id":297,"date":"2022-10-07T15:37:22","date_gmt":"2022-10-07T13:37:22","guid":{"rendered":"http:\/\/www.duria-plan.de\/?page_id=297"},"modified":"2022-10-08T13:43:43","modified_gmt":"2022-10-08T11:43:43","slug":"impressum-2","status":"publish","type":"page","link":"http:\/\/www.duria-plan.de\/?page_id=297","title":{"rendered":"Impressum"},"content":{"rendered":"\n<p><strong>Duria Plan Ingenieurgesellschaft mbH<\/strong><\/p>\n\n\n\n<div class=\"wp-container-3 wp-block-columns\">\n<div class=\"wp-container-1 wp-block-column\">\n<pre class=\"wp-block-verse\">Auf der Heide 2-4\n52372 Kreuzau - Stockheim\nFon:\nFax:\nE-Mail:\n\nGesch\u00e4ftsf\u00fchrer:\nHandelregister:\nUmsatzsteuer-Identifikationsnummer:<\/pre>\n<\/div>\n\n\n\n<div class=\"wp-container-2 wp-block-column\">\n<pre class=\"wp-block-verse\"> \n\n+49 2421 3884596-0\n+49 2421 3884596-9\ninfo@duria-plan.de  \n\nAndreas Schlonsok, Ren\u00e9 Bestgen\nHRB 6456 Amtsgericht D\u00fcren\nDE2863747<\/pre>\n<\/div>\n<\/div>\n\n\n\n<p>Inhaltlich Verantwortlicher gem\u00e4\u00df \u00a7 18 Abs. 2 MStV: Andreas Schlonsok<\/p>\n","protected":false},"excerpt":{"rendered":"<p>Duria Plan Ingenieurgesellschaft mbH Auf der Heide 2-4 52372 Kreuzau &#8211; Stockheim Fon: Fax: E-Mail: Gesch\u00e4ftsf\u00fchrer: Handelregister: Umsatzsteuer-Identifikationsnummer: +49 2421 3884596-0 +49 2421 3884596-9 info@duria-plan.de Andreas Schlonsok, Ren\u00e9 Bestgen HRB 6456 Amtsgericht D\u00fcren DE2863747 Inhaltlich Verantwortlicher gem\u00e4\u00df \u00a7 18 Abs. 2 MStV: Andreas Schlonsok<\/p>\n","protected":false},"author":1,"featured_media":0,"parent":0,"menu_order":0,"comment_status":"closed","ping_status":"closed","template":"","meta":[],"_links":{"self":[{"href":"http:\/\/www.duria-plan.de\/index.php?rest_route=\/wp\/v2\/pages\/297"}],"collection":[{"href":"http:\/\/www.duria-plan.de\/index.php?rest_route=\/wp\/v2\/pages"}],"about":[{"href":"http:\/\/www.duria-plan.de\/index.php?rest_route=\/wp\/v2\/types\/page"}],"author":[{"embeddable":true,"href":"http:\/\/www.duria-plan.de\/index.php?rest_route=\/wp\/v2\/users\/1"}],"replies":[{"embeddable":true,"href":"http:\/\/www.duria-plan.de\/index.php?rest_route=%2Fwp%2Fv2%2Fcomments&post=297"}],"version-history":[{"count":2,"href":"http:\/\/www.duria-plan.de\/index.php?rest_route=\/wp\/v2\/pages\/297\/revisions"}],"predecessor-version":[{"id":330,"href":"http:\/\/www.duria-plan.de\/index.php?rest_route=\/wp\/v2\/pages\/297\/revisions\/330"}],"wp:attachment":[{"href":"http:\/\/www.duria-plan.de\/index.php?rest_route=%2Fwp%2Fv2%2Fmedia&parent=297"}],"curies":[{"name":"wp","href":"https:\/\/api.w.org\/{rel}","templated":true}]}}